972028?
False
Does 238 divide 4068278?
False
Is 178756 even?
True
Is 20 a factor of 867920?
True
Is 41 a factor of 789947?
True
Is 624064 a multiple of 32?
True
Is 6 a factor of 4711458?
True
Is 48 a factor of 1708451?
False
Does 60 divide 350040?
True
Is 245094 a multiple of 6?
True
Is 935636 a multiple of 29?
False
Is 21 a factor of 2554755?
True
Does 11 divide 92411?
True
Is 127267 a multiple of 7?
True
Does 789 divide 12612165?
True
Is 144140 a multiple of 352?
False
Is 7 a factor of 34859?
False
Is 239940 a multiple of 430?
True
Is 144554 a multiple of 275?
False
Is 610163 a multiple of 40?
False
Does 75 divide 333225?
True
Is 1422730 a multiple of 34?
True
Is 24 a factor of 605760?
True
Is 1728632 a multiple of 116?
True
Does 158 divide 16257884?
True
Is 411 a factor of 4662384?
True
Does 312 divide 1633944?
True
Is 5001389 a multiple of 19?
True
Is 309 a factor of 283044?
True
Is 28 a factor of 125524?
True
Does 398 divide 933236?
False
Is 87 a factor of 403328?
False
Does 15 divide 198330?
True
Does 677 divide 670230?
True
Is 10 a factor of 144440?
True
Is 54 a factor of 1184858?
False
Is 570 a factor of 2419650?
True
Does 15 divide 49425?
True
Is 13646 a multiple of 41?
False
Is 687143 even?
False
Is 93 a factor of 59913?
False
Is 2 a factor of 614?
True
Is 88 a factor of 132953?
False
Does 2009 divide 14738293?
False
Is 87435 a multiple of 45?
True
Is 39380 a multiple of 10?
True
Is 164 a factor of 201017?
False
Is 122 a factor of 208010?
True
Is 873920 a multiple of 80?
True
Does 3 divide 11643?
True
Is 161 a factor of 74221?
True
Is 710 a factor of 1004650?
True
Is 112 a factor of 1750560?
True
Is 456605 a multiple of 141?
False
Is 3 a factor of 95699?
False
Is 129368 a multiple of 103?
True
Does 27 divide 75931?
False
Does 845 divide 1341860?
True
Is 9293035 a multiple of 72?
False
Does 250 divide 199323?
False
Is 5557578 a multiple of 559?
True
Does 21 divide 281820?
True
Is 340 a factor of 759900?
True
Does 5 divide 434251?
False
Is 146570 a multiple of 129?
False
Does 25 divide 8979700?
True
Does 37 divide 94327?
False
Is 58068 a multiple of 18?
True
Is 56408 a multiple of 149?
False
Is 124 a factor of 363928?
False
Is 907046 a multiple of 96?
False
Is 263747 a multiple of 11?
True
Does 257 divide 90376?
False
Is 699829 a multiple of 13?
True
Does 8 divide 2159848?
True
Is 236628 a multiple of 54?
True
Is 30 a factor of 307620?
True
Is 1816 a factor of 20517902?
False
Does 6 divide 6945?
False
Is 307 a factor of 949090?
False
Is 14 a factor of 1076236?
True
Is 563 a factor of 1229592?
True
Is 16 a factor of 3567312?
True
Is 28 a factor of 990612?
True
Does 431 divide 794323?
False
Is 9 a factor of 8477640?
True
Is 52093 a multiple of 17?
False
Is 74 a factor of 2702702?
True
Is 178 a factor of 1647632?
False
Is 76 a factor of 222300?
True
Does 566 divide 4040808?
False
Is 11 a factor of 1778425?
True
Is 1133550 a multiple of 687?
True
Is 39 a factor of 1480171?
False
Is 82290 a multiple of 8?
False
Is 37 a factor of 746370?
False
Is 29 a factor of 197518?
False
Is 2981440 a multiple of 8?
True
Is 465569 a multiple of 46?
False
Does 249 divide 710885?
False
Does 33 divide 767679?
True
Does 25 divide 266150?
True
Does 84 divide 213804?
False
Is 23 a factor of 18630?
True
Does 121 divide 130559?
True
Is 280861 a multiple of 42?
False
Is 4668259 a multiple of 325?
False
Is 15 a factor of 417630?
True
Does 62 divide 17327512?
True
Is 166 a factor of 141764?
True
Is 40 a factor of 132120?
True
Is 68966 a multiple of 3?
False
Is 1138680 a multiple of 30?
True
Is 163224 a multiple of 16?
False
Is 30 a factor of 42990?
True
Does 11 divide 2397890?
True
Is 42864 a multiple of 188?
True
Is 102000 a multiple of 400?
True
Is 5 a factor of 62307?
False
Is 9 a factor of 201294?
True
Is 63 a factor of 55551?
False
Does 4 divide 336603?
False
Does 5 divide 2497765?
True
Does 50 divide 3671300?
True
Does 11 divide 164417?
True
Is 1224 a multiple of 42?
False
Is 225 a factor of 80325?
True
Is 139530 a multiple of 22?
False
Is 14 a factor of 335482?
True
Does 1158 divide 4719351?
False
Is 3 a factor of 25722?
True
Is 7 a factor of 95291?
True
Is 95898 a multiple of 33?
True
Is 32 a factor of 11003456?
True
Is 29 a factor of 1724568?
False
Does 263 divide 10842493?
False
Does 3 divide 701476?
False
Is 13 a factor of 12783909?
False
Is 18 a factor of 119448?
True
Is 693 a factor of 374021?
False
Does 95 divide 97280?
True
Is 14 a factor of 49560?
True
Is 4012020 a multiple of 930?
True
Is 6 a factor of 2857060?
False
Is 138444 a multiple of 8?
False
Is 13 a factor of 7792395?
True
Does 1317 divide 7845139?
False
Is 68 a factor of 454311?
False
Is 11 a factor of 2015519?
True
Is 63046 a multiple of 3?
False
Is 222304 a multiple of 83?
False
Is 10 a factor of 93250?
True
Does 222 divide 2090391?
False
Does 91 divide 1079442?
True
Is 8810193 a multiple of 97?
False
Does 441 divide 1179234?
True
Is 22 a factor of 5992448?
True
Is 171219 a multiple of 12?
False
Is 22849 a multiple of 48?
False
Is 4 a factor of 861744?
True
Does 10 divide 29300?
True
Is 32 a factor of 7403?
False
Is 576 a factor of 3871872?
True
Is 1019635 a multiple of 19?
True
Is 38540 a multiple of 5?
True
Is 155 a factor of 2558408?
False
Does 460 divide 6132?
False
Does 31 divide 27686503?
True
Is 1930827 a multiple of 14?
False
Is 6885265 a multiple of 415?
True
Does 12 divide 15839?
False
Does 85 divide 22695?
True
Is 308 a factor of 14601356?
True
Is 49 a factor of 143668?
True
Is 150825 a multiple of 21?
False
Is 386 a factor of 1133576?
False
Does 2195 divide 13439985?
True
Does 149 divide 81205?
True
Is 8 a factor of 101216?
True
Does 163 divide 1738069?
True
Is 724524 a multiple of 76?
False
Is 14 a factor of 6415595?
False
Is 991152 a multiple of 22?
False
Is 3 a factor of 22735?
False
Is 1588936 a multiple of 248?
True
Does 10 divide 1075538?
False
Is 54 a factor of 41515?
False
Is 1743975 a multiple of 9?
True
Is 354002 a multiple of 67?
False
Is 25 a factor of 130711?
False
Is 16 a factor of 652784?
True
Is 57 a factor of 112575?
True
Does 170 divide 12356716?
False
Is 17213 a multiple of 47?
False
Does 11 divide 104764?
True
Is 934578 a multiple of 23?
False
Does 320 divide 430667?
False
Is 267 a factor of 242970?
True
Does 69 divide 357883?
False
Is 63 a factor of 55503?
True
Is 1500590 a multiple of 119?
True
Does 3 divide 217?
False
Is 1869868 a multiple of 13?
True
Is 107 a factor of 10629380?
True
Is 264923 a multiple of 43?
True
Is 47 a factor of 1604956?
True
Is 55205 a multiple of 77?
False
Does 60 divide 527160?
True
Does 530 divide 2351080?
True
Does 121 divide 3456832?
False
Does 3 divide 26994?
True
Is 121753 a multiple of 27?
False
Is 1937882 a multiple of 515?
False
Is 94781 a multiple of 10?
False
Is 292395 a multiple of 17?
False
Does 1095 divide 5327855?
False
Is 1403124 a multiple of 12?
True
Does 766 divide 1058420?
False
Is 817774 a multiple of 333?
False
Is 14237644 a multiple of 59?
True
Does 764 divide 5823972?
True
Is 289749 a multiple of 14?
False
Is 2 a factor of 4173725?
False
Is 29 a factor of 24969?
True
Is 94 a factor of 21062?
False
Is 39 a factor of 69732?
True
Is 9091916 a multiple of 22?
False
Is 28274 a multiple of 12?
False
Is 6 a factor of 184194?
True
Is 466 a factor of 328064?
True
Does 38 divide 3583?
False
Is 152677 a multiple of 119?
True
Does 1359 divide 4848912?
True
Does 63 divide 13419?
True
Is 1018858 a multiple of 10?
False
Does 671 divide 2614887?
True
Is 146392 a multiple of 12?
False
Is 180 a factor of 431685?
False
Does 21 divide 159689?
False
Is 1389858 a multiple of 348?
False
Is 10044 a multiple of 9?
True
Does 8 divide 10072?
True
Is 54 a factor of 11459?
False
Is 18 a factor of 60799?
False
Is 127370 a multiple of 11?
False
Is 19 a factor of 238564?
True
Is 194046 a multiple of 21?
False
Is 1515722 a multiple of 4?
False
Is 53 a factor of 665733?
True
Does 21 divide 14374689?
True
Is 12476385 a multiple of 235?
True
Is 5 a factor of 548447?
False
Does 59 divide 162309?
True
Is 75 a factor of 1091368?
False
Is 4 a factor of 469131?
False
Is 621028 a multiple of 214?
True
Is 82134 a multiple of 18?
True
Is 192733 a multiple of 163?
False
Does 867 divide 1519851?
True
Is 8210670 a multiple of 195?
True
Is 281523 a